the ten thousands digit of 135274843?
7
What is the ten millions digit of 36994898?
3
What is the thousands digit of 28404303?
4
What is the ten thousands digit of 231959782?
5
What is the tens digit of 1243219228?
2
What is the millions digit of 953088871?
3
What is the hundreds digit of 1850791191?
1
What is the ten thousands digit of 990093013?
9
What is the hundred thousands digit of 33937412?
9
What is the hundred thousands digit of 221214354?
2
What is the millions digit of 36968031?
6
What is the ten millions digit of 152083363?
5
What is the tens digit of 18083854?
5
What is the millions digit of 1157220659?
7
What is the millions digit of 239977077?
9
What is the hundred millions digit of 224364993?
2
What is the millions digit of 478236746?
8
What is the hundred millions digit of 398006708?
3
What is the hundreds digit of 4902234368?
3
What is the thousands digit of 7197120?
7
What is the tens digit of 1255503586?
8
What is the tens digit of 287073383?
8
What is the ten thousands digit of 3682169201?
6
What is the millions digit of 874435432?
4
What is the thousands digit of 291271419?
1
What is the units digit of 68367236?
6
What is the hundred millions digit of 2577931256?
5
What is the hundred thousands digit of 1415652568?
6
What is the ten thousands digit of 9896424?
9
What is the hundred thousands digit of 1158753132?
7
What is the units digit of 4285069?
9
What is the ten thousands digit of 47715100?
1
What is the units digit of 14020881?
1
What is the tens digit of 2078487050?
5
What is the hundred millions digit of 338649606?
3
What is the units digit of 10572063?
3
What is the ten thousands digit of 42102199?
0
What is the tens digit of 59171181?
8
What is the hundred millions digit of 282602418?
2
What is the ten millions digit of 5016879675?
1
What is the ten thousands digit of 120649203?
4
What is the ten thousands digit of 546052230?
5
What is the millions digit of 1246270029?
6
What is the millions digit of 2735094575?
5
What is the hundreds digit of 34645568?
5
What is the hundred thousands digit of 167161965?
1
What is the units digit of 1922628430?
0
What is the ten millions digit of 33009739?
3
What is the hundreds digit of 210250544?
5
What is the ten thousands digit of 178655103?
5
What is the tens digit of 75717350?
5
What is the ten thousands digit of 62442849?
4
What is the hundreds digit of 628015571?
5
What is the millions digit of 46234218?
6
What is the units digit of 174537393?
3
What is the hundred thousands digit of 367786100?
7
What is the ten millions digit of 245124239?
4
What is the hundred millions digit of 569952907?
5
What is the thousands digit of 785107672?
7
What is the ten millions digit of 2202034748?
0
What is the hundred thousands digit of 54919422?
9
What is the hundred millions digit of 149870581?
1
What is the hundred thousands digit of 19983262?
9
What is the millions digit of 87649661?
7
What is the thousands digit of 3582105243?
5
What is the tens digit of 269396100?
0
What is the ten millions digit of 2537007851?
3
What is the ten thousands digit of 50565612?
6
What is the ten thousands digit of 3373907?
7
What is the units digit of 316763190?
0
What is the millions digit of 662468470?
2
What is the hundreds digit of 157658894?
8
What is the ten thousands digit of 133620163?
2
What is the hundred thousands digit of 1644669975?
6
What is the units digit of 1798714828?
8
What is the billions digit of 7768263146?
7
What is the millions digit of 112271666?
2
What is the ten thousands digit of 45399086?
9
What is the ten thousands digit of 81663779?
6
What is the ten millions digit of 88747479?
8
What is the hundred millions digit of 184276556?
1
What is the ten thousands digit of 108620708?
2
What is the tens digit of 777008381?
8
What is the hundred millions digit of 2281327750?
2
What is the ten thousands digit of 826797806?
9
What is the millions digit of 206245590?
6
What is the units digit of 2838144?
4
What is the ten millions digit of 941961014?
4
What is the ten thousands digit of 149617772?
1
What is the millions digit of 555202643?
5
What is the hundred thousands digit of 360419293?
4
What is the tens digit of 187781426?
2
What is the ten millions digit of 13496720?
1
What is the units digit of 292170822?
2
What is the hundreds digit of 638057073?
0
What is the ten thousands digit of 362778506?
7
What is the ten millions digit of 1221211668?
2
What is the hundred thousands digit of 1648358833?
3
What is the millions digit of 853012287?
3
What is the thousands digit of 41731691?
1
What is the millions digit of 249116915?
9
What is the hundred thousands digit of 298770601?
7
What is the tens digit of 5091540656?
5
What is the tens digit of 9864033?
3
What is the millions digit of 378201096?
8
What is the hundred thousands digit of 1368155121?
1
What is the hundreds digit of 60781779?
7
What is the hundred thousands digit of 20864943?
8
What is the ten thousands digit of 83918090?
1
What is the thousands digit of 236031990?
1
What is the units digit of 349838990?
0
What is the units digit of 4346875496?
6
What is the billions digit of 1056644722?
1
What is the thousands digit of 104302256?
2
What is the hundred thousands digit of 1725821422?
8
What is the units digit of 1204732847?
7
What is the ten millions digit of 418795900?
1
What is the units digit of 105749284?
4
What is the units digit of 17864658?
8
What is the hundred thousands digit of 1252087874?
0
What is the hundreds digit of 3138321174?
1
What is the units digit of 70465292?
2
What is the millions digit of 508730276?
8
What is the millions digit of 75101089?
5
What is the tens digit of 598193607?
0
What is the tens digit of 34970755?
5
What is the ten millions digit of 1264525232?
6
What is the hundred millions digit of 237027910?
2
What is the thousands digit of 107190808?
0
What is the thousands digit of 13102894?
2
What is the tens digit of 118010716?
1
What is the thousands digit of 166339336?
9
What is the billions digit of 6866294319?
6
What is the thousands digit of 1941997891?
7
What is the units digit of 460749111?
1
What is the thousands digit of 198435553?
5
What is the thousands digit of 324998?
4
What is the millions digit of 4277923633?
7
What is the billions digit of 1063976461?
1
What is the hundred millions digit of 3608863907?
6
What is the hundreds digit of 36866884?
8
What is the tens digit of 349827067?
6
What is the hundreds digit of 74491467?
4
What is the ten thousands digit of 18946059?
4
What is the ten millions digit of 477747592?
7
What is the hundred thousands digit of 34996035?
9
What is the hundred thousands digit of 19313310?
3
What is the billions digit of 8049869715?
8
What is the millions digit of 1062671194?
2
What is the billions digit of 2223938961?
2
What is the ten millions digit of 773241890?
7
What is the units digit of 219564985?
5
What is the tens digit of 1229142820?
2
What is the tens digit of 14826015?
1
What is the millions digit of 9021616?
9
What is the hundred thousands digit of 78023471?
0
What is the tens digit of 48029743?
4
What is the millions digit of 233002649?
3
What is the thousands digit of 12470938?
0
What is the hundreds digit of 6262523081?
0
What is the thousands digit of 33094713?
4
What is the thousands digit of 319375863?
5
What is the hundred thousands digit of 418697685?
6
What is the units digit of 2348004648?
8
What is the hundred thousands digit of 177612247?
6
What is the hundred thousands digit of 6801252527?
2
What is the ten millions digit of 778190930?
7
What is the ten thousands digit of 1876660450?
6
What is the millions digit of 402973815?
2
What is the hundreds digit of 36102749?
7
What is the hundred millions digit of 190592392?
1
What is the ten thousands digit of 194333425?
3
What is the thousands digit of 156129183?
9
What is the ten thousands digit of 8014838?
1
What is the ten millions digit of 72146573?
7
What is the units digit of 31280607?
7
What is the hundreds digit of 70786997?
9
What is the ten millions digit of 1827383012?
2
What is the thousands digit of 380797662?
7
What is the hundreds digit of 2800487758?
7
What is the hundred millions digit of 274663318?
2
What is the hundred millions digit of 6378121869?
3
What